 -125. Calculate the remainder when f is divided by (-96)/(-10) + (-2)/(-5).
9
Let h(i) = -i + 21. What is the remainder when 54 is divided by h(10)?
10
Suppose 7*k + 26 = 2*y + 3*k, -3*k = -5*y + 72. Let d(q) = -q**3 - q**2 + 2*q + 8. What is the remainder when y is divided by d(0)?
7
Let c(m) = 3*m + 10 + 2 + 0*m - 5. Suppose -p + 5*p = a - 44, 4*a - p - 251 = 0. Calculate the remainder when a is divided by c(5).
20
Let j = -2 + 10. What is the remainder when 17 + 112/(-48) + 2/(-3) is divided by j?
6
Let j(h) = 0 - 2 - 6*h**2 - 6*h - 1 + h**3. Let w be j(7). What is the remainder when 20 is divided by (-1 + 3)*w - -3?
9
Calculate the remainder when 38 + (3 - (7 - 0)) is divided by 9.
7
Suppose 0 = -n - 4*o + 41, 2*n - 2*o - 106 = 2*o. Suppose 16 = 3*l + n. Calculate the remainder when 24 is divided by (-3 - 1)/(-2) - l.
11
Let p be 136/(-10)*(-40)/16. Suppose 4*t + 5*h = t + p, -5*t + 2*h = -36. Calculate the remainder when 21 is divided by t.
5
What is the remainder when (-32)/(-6)*81/18 is divided by 9?
6
Let o(c) = -c**2 - 10*c - 9. Calculate the remainder when o(-7) is divided by 5.
2
Let f(v) = 20*v - 2. Let s(k) = -20*k + 2. Let p(x) = 5*f(x) + 4*s(x). What is the remainder when p(4) is divided by 27?
24
Suppose 20 = -7*s + 2*s, -2*o = 3*s + 8. Suppose -o*n = -4 - 32. What is the remainder when 10 is divided by (-2)/(-9) + 104/n?
4
Let d = 1 + 2. Let p(c) = -c**2 + 2*c - 1. Let k be p(d). Calculate the remainder when 15 is divided by (-6)/(1 - (-7)/k).
7
Let d(p) = p**2 + 7*p - 11. Suppose 5*i + 4*j + 41 = 0, i + 4*j - 22 = 3*i. What is the remainder when d(i) is divided by 2?
1
Suppose 55 = 6*w - 29. Calculate the remainder when w is divided by 9.
5
Suppose 3*c + 2*n - 61 = 3*n, -5*c - n + 99 = 0. What is the remainder when 178 is divided by c?
18
Let c(w) = w**2 + 4*w - 5. Calculate the remainder when c(6) is divided by 7.
6
Let c(t) = -6*t - 7. What is the remainder when 21 is divided by c(-3)?
10
Let c(x) = -2*x**3 + 1. Let z be c(-1). What is the remainder when 78 is divided by (-5)/((-3)/36*z)?
18
What is the remainder when 12 - 2*(-3)/6 is divided by 4?
1
Suppose 4*d + d - 255 = 0. Let p = d - 9. Calculate the remainder when p is divided by 22.
20
Let o(b) be the third derivative of b**4/24 + b**3/2 - 3*b**2. Let c be o(-3). What is the remainder when 3/(c - 3/(-30)) is divided by 11?
8
Let c = -204 + 133. Let s be (4 + -6)*(-62)/(-4). Let r = s - c. What is the remainder when r is divided by 14?
12
Let o(w) = -w + 3. Let z be o(7). Suppose 3*i - 2*q = -1 + 44, -2*i + 2*q = -32. Calculate the remainder when i is divided by (-25)/z - (-2)/(-8).
5
Let g be ((-4)/(-3))/((-6)/(-81)). Suppose 3*k = 0, -3*l + 3*k + g = -0*l. Calculate the remainder when l is divided by 3.
0
Let z be (15/6)/((-2)/(-16)). Suppose z = -m + 5*m. Calculate the remainder when -1 - ((-1)/(-3))/((-8)/216) is divided by m.
3
Let o(l) = -l**2 - 11*l + 4. Suppose -3*s - 24 = 2*m, -s - 5*m = 21 - 0. What is the remainder when o(s) is divided by 18?
16
Suppose -3*s + s = 0, 4*j - 4*s = 504. Let n = 271 - j. Suppose -162 = -3*i + 4*r, -4*i + 4*r - n = -365. What is the remainder when i is divided by 20?
18
Suppose 34 - 93 = -h. Calculate the remainder when h is divided by 15.
14
What is the remainder when 5 is divided by (2*(-2)/(-8))/((-10)/(-100))?
0
Calculate the remainder when 197 is divided by 3 - (27/(-18))/((-6)/(-88)).
22
Suppose -3*s + 8*s - 60 = 0. What is the remainder when 42 is divided by s?
6
Let z = 78 - 62. What is the remainder when z is divided by 5 + 0 + 0 - -1?
4
Let s = 43 + -15. Suppose 3*w - 91 + s = 0. Calculate the remainder when w is divided by 11.
10
Let n = 127 + -76. What is the remainder when n is divided by 18?
15
Let w(c) = 8*c + c**3 + 0*c**3 - 7*c**2 + 0*c**2. Let x = -34 - -40. Calculate the remainder when 46 is divided by w(x).
10
Let y(s) = 4*s - 21. Calculate the remainder when y(9) is divided by 4.
3
Suppose 3*w + 24 = -3*c + c, c - 21 = 4*w. Let u = 60 - w. What is the remainder when u is divided by 17?
15
Suppose 7*v - 97 = -4*b + 8*v, -5*b - 4*v = -137. Let c = -6 + 104. Calculate the remainder when c is divided by b.
23
Suppose -2*c + c = -10. What is the remainder when 37 is divided by c?
7
Suppose 0*c + 4*c - 4 = 0, 0 = 5*p + 2*c - 27. What is the remainder when p is divided by 2?
1
Let k = 72 - 68. Calculate the remainder when 14 is divided by k.
2
Suppose 2*m - m = 7. Calculate the remainder when 20 is divided by m.
6
Let u(m) = -m**2 - 9*m + 10. Let y = -200 + 246. Calculate the remainder when y is divided by u(-7).
22
Let y = 392 - 209. What is the remainder when y is divided by 37?
35
Let x(p) = p**2 - 2*p - 4. What is the remainder when x(-4) is divided by 11?
9
Let g = 11 - 8. Suppose 0 = -p - g + 23. What is the remainder when 39 is divided by p?
19
Let o(d) = d**2 - 1. Let y be 6/(2 - (-3)/(-6)). Suppose -4*w - y = -4*t, t = -4*t - w - 13. What is the remainder when 6 is divided by o(t)?
0
Let i(m) = m**3 + 6*m**2 - 4*m + 3. What is the remainder when i(-5) is divided by 18?
12
Suppose 31 + 44 = 3*f. Let p = -11 + 24. Calculate the remainder when f is divided by p.
12
Let q(x) = -10*x - 2. Let j(v) = v**2 + 3*v - 7. Let w be j(-5). Suppose 0 = 4*s - 4, 5*l = s - w*s + 52. Calculate the remainder when q(-2) is divided by l.
8
Let r be ((-20)/(-6))/(4/12). Suppose 8*o + 2*m - 44 = 6*o, -o + 3*m = -r. Calculate the remainder when 56 is divided by o.
18
Let o = -108 - -111. What is the remainder when 5 is divided by o?
2
Let y(s) = -1 - 1 + 0 + 9*s - 9*s**2 + s**3 + 21*s**2. Let i = -8 + 15. Calculate the remainder when y(-11) is divided by i.
6
Let m = -6 + 12. Let o(x) = -2*x - 3. Let z be o(-3). Suppose 0 = z*f + 5*t - 34, -f + 3*t - 8*t + 28 = 0. What is the remainder when m is divided by f?
0
Let f be 4/(-14) + 111/21. Let x = -3 + f. Suppose 3*n = 9, -4*l = 3*n - 6 - 7. Calculate the remainder when x is divided by l.
0
Suppose -2*s + 100 = -2*k - 26, -2*s + k = -121. What is the remainder when s is divided by 15?
13
Let f(y) = -2*y - 1. Suppose 8*r + 56 = 12*r. What is the remainder when r is divided by f(-3)?
4
Suppose -6 = -0*o - 2*o. Suppose 4*l - 5 - o = 0. Let k(t) = 3*t**2 + 2*t - 1. What is the remainder when 43 is divided by k(l)?
13
Suppose -n + 17 = 2*l - 12, 5*l = -n + 77. Let d = -21 + 87. Let y = d - 19. Calculate the remainder when y is divided by l.
15
Suppose 135 = 5*h - 2*n - 0*n, 5*n = 25. What is the remainder when 81 is divided by h?
23
Let f(b) = -7*b. Suppose 22 = 3*j - 4*r - 22, -2*r - 64 = -5*j. What is the remainder when j is divided by f(-1)?
5
Let a be (-3)/(-12) - 6/(-8). Suppose c - 10 = -a. Calculate the remainder when 8360/323 + (-8)/(-68) is divided by c.
8
Let f(q) = 12*q**2 + 5*q + 12. What is the remainder when f(-2) is divided by 21?
8
Let c(q) = -5*q - 2. What is the remainder when c(-1) is divided by 1?
0
Let s(p) = -p**3 - 2*p - 2. Let m be s(-2). Let v(b) = 6*b - 13. What is the remainder when v(m) is divided by 25?
22
Let q(p) = -p + 22. Calculate the remainder when q(0) is divided by 14.
8
Let o(l) = 2*l**3 - 6*l**2 + 5*l - 4. Suppose -5*y + 73 = -12. Calculate the remainder when o(4) is divided by y.
14
Let b(d) = -3*d**2. Let r be b(4). Let v = -29 - r. What is the remainder when v is divided by (4/(-8))/((-2)/40)?
9
Let z be (32/(-12))/(-4)*3. Suppose -3*b = 3*o - 27, -z*b + 6 = -o - 6. Calculate the remainder when 20 is divided by b.
6
What is the remainder when 78 is divided by 712/36 - 4/(-18)?
18
Let f(d) be the third derivative of d**5/60 + d**4/12 - 5*d**3/6 + 6*d**2. Let v(c) = 56*c**3 - c + 1. Calculate the remainder when v(1) is divided by f(4).
18
Let v be (1 - (3 - 2)) + 2. Suppose r - o - 20 = 0, -3*r = -0*r - v*o - 57. What is the remainder when 50 is divided by r?
16
Let w(p) be the third derivative of 7*p**4/24 - 2*p**3/3 + 6*p**2. What is the remainder when w(4) is divided by 9?
6
Suppose 5*v + 1 = 3*m + 16, 15 = -4*v - 3*m. Suppose 3 = c - v. What is the remainder when c is divided by 3?
0
Let w = -10 - -13. Let a = 6 - -2. Calculate the remainder when a is divided by w.
2
Let s = -5 - -8. Let h(q) = 7*q**2 + 2*q - 1. Let k be h(1). Let a(w) = w + 1. Calculate the remainder when a(k) is divided by s.
0
Let j(p) = -p**3 + p**2 + p + 16. Calcula